ens digit of 133286?
8
What is the units digit of 35692?
2
What is the hundred thousands digit of 14624285?
6
What is the millions digit of 5602164?
5
What is the ten thousands digit of 629264?
2
What is the millions digit of 3294863?
3
What is the hundreds digit of 1819702?
7
What is the millions digit of 3787043?
3
What is the ten millions digit of 14738684?
1
What is the millions digit of 1855338?
1
What is the units digit of 18490780?
0
What is the tens digit of 105068?
6
What is the hundreds digit of 247927?
9
What is the thousands digit of 734813?
4
What is the ten thousands digit of 3076696?
7
What is the ten thousands digit of 1783284?
8
What is the tens digit of 8685809?
0
What is the thousands digit of 799200?
9
What is the units digit of 989060?
0
What is the units digit of 346183?
3
What is the units digit of 224254?
4
What is the hundreds digit of 170633?
6
What is the hundred thousands digit of 149936?
1
What is the hundreds digit of 623502?
5
What is the hundred thousands digit of 21323728?
3
What is the units digit of 177933?
3
What is the units digit of 1088072?
2
What is the ten thousands digit of 4714223?
1
What is the tens digit of 19301?
0
What is the hundreds digit of 10436794?
7
What is the millions digit of 6278235?
6
What is the units digit of 2651336?
6
What is the thousands digit of 163295?
3
What is the units digit of 932419?
9
What is the tens digit of 10604837?
3
What is the tens digit of 16106731?
3
What is the thousands digit of 17356067?
6
What is the units digit of 25039?
9
What is the thousands digit of 276107?
6
What is the units digit of 298664?
4
What is the tens digit of 5412217?
1
What is the thousands digit of 29853?
9
What is the millions digit of 1444119?
1
What is the ten thousands digit of 3191304?
9
What is the thousands digit of 128352?
8
What is the hundreds digit of 20564927?
9
What is the tens digit of 284312?
1
What is the millions digit of 2167420?
2
What is the hundreds digit of 140706?
7
What is the hundreds digit of 899875?
8
What is the ten thousands digit of 1256803?
5
What is the thousands digit of 892345?
2
What is the hundreds digit of 179664?
6
What is the units digit of 11820597?
7
What is the units digit of 139861?
1
What is the tens digit of 6232786?
8
What is the tens digit of 528665?
6
What is the hundreds digit of 117993?
9
What is the units digit of 271810?
0
What is the thousands digit of 4085039?
5
What is the units digit of 152654?
4
What is the hundred thousands digit of 3801669?
8
What is the ten millions digit of 40571011?
4
What is the hundreds digit of 77322?
3
What is the hundreds digit of 214207?
2
What is the hundred thousands digit of 15055493?
0
What is the thousands digit of 24272771?
2
What is the hundreds digit of 4622152?
1
What is the tens digit of 631693?
9
What is the thousands digit of 1202?
1
What is the hundreds digit of 105060?
0
What is the hundred thousands digit of 1621239?
6
What is the thousands digit of 125950?
5
What is the hundreds digit of 1775641?
6
What is the hundred thousands digit of 7580892?
5
What is the ten thousands digit of 1371087?
7
What is the hundred thousands digit of 478953?
4
What is the thousands digit of 1680021?
0
What is the tens digit of 379878?
7
What is the hundred thousands digit of 388028?
3
What is the hundred thousands digit of 226106?
2
What is the tens digit of 85072?
7
What is the thousands digit of 1779183?
9
What is the hundreds digit of 971520?
5
What is the hundreds digit of 398653?
6
What is the units digit of 4585291?
1
What is the tens digit of 86488?
8
What is the tens digit of 42222?
2
What is the thousands digit of 4131323?
1
What is the thousands digit of 51752?
1
What is the tens digit of 484284?
8
What is the units digit of 326581?
1
What is the ten thousands digit of 46421?
4
What is the tens digit of 1060881?
8
What is the hundreds digit of 3247372?
3
What is the thousands digit of 21954204?
4
What is the thousands digit of 418639?
8
What is the hundred thousands digit of 4239827?
2
What is the hundred thousands digit of 2482032?
4
What is the hundred thousands digit of 1531813?
5
What is the tens digit of 22025?
2
What is the thousands digit of 14234168?
4
What is the units digit of 5167969?
9
What is the thousands digit of 1383478?
3
What is the hundreds digit of 681862?
8
What is the units digit of 1799351?
1
What is the millions digit of 1333507?
1
What is the units digit of 28961964?
4
What is the hundred thousands digit of 2827595?
8
What is the millions digit of 2305041?
2
What is the thousands digit of 1490505?
0
What is the units digit of 590191?
1
What is the thousands digit of 306104?
6
What is the hundred thousands digit of 7187246?
1
What is the millions digit of 7721130?
7
What is the hundreds digit of 22308684?
6
What is the hundred thousands digit of 1021423?
0
What is the units digit of 595290?
0
What is the hundred thousands digit of 291761?
2
What is the ten millions digit of 26301108?
2
What is the hundreds digit of 21580?
5
What is the thousands digit of 275366?
5
What is the tens digit of 268095?
9
What is the units digit of 17023369?
9
What is the millions digit of 38040925?
8
What is the tens digit of 731690?
9
What is the hundreds digit of 130094?
0
What is the ten thousands digit of 197405?
9
What is the hundreds digit of 694409?
4
What is the tens digit of 116427?
2
What is the hundred thousands digit of 6626864?
6
What is the ten thousands digit of 12472699?
7
What is the hundreds digit of 1047595?
5
What is the millions digit of 8414799?
8
What is the units digit of 598085?
5
What is the units digit of 16775426?
6
What is the ten thousands digit of 34624644?
2
What is the hundred thousands digit of 4591614?
5
What is the units digit of 65523?
3
What is the ten thousands digit of 204849?
0
What is the ten thousands digit of 389953?
8
What is the ten thousands digit of 1741601?
4
What is the thousands digit of 591872?
1
What is the ten thousands digit of 149920?
4
What is the millions digit of 8414505?
8
What is the hundreds digit of 16172542?
5
What is the hundred thousands digit of 182553?
1
What is the hundred thousands digit of 444023?
4
What is the units digit of 600806?
6
What is the thousands digit of 4295495?
5
What is the hundreds digit of 753804?
8
What is the tens digit of 3027999?
9
What is the hundreds digit of 611748?
7
What is the millions digit of 8801275?
8
What is the hundred thousands digit of 154760?
1
What is the hundreds digit of 21831936?
9
What is the units digit of 39023?
3
What is the ten thousands digit of 4208590?
0
What is the ten thousands digit of 64790?
6
What is the units digit of 301617?
7
What is the thousands digit of 23124?
3
What is the millions digit of 16846376?
6
What is the tens digit of 262007?
0
What is the tens digit of 662315?
1
What is the thousands digit of 354404?
4
What is the thousands digit of 63224?
3
What is the tens digit of 23993485?
8
What is the thousands digit of 16005004?
5
What is the thousands digit of 152321?
2
What is the hundred thousands digit of 1219645?
2
What is the thousands digit of 657982?
7
What is the hundreds digit of 2785127?
1
What is the units digit of 392438?
8
What is the hundred thousands digit of 3183312?
1
What is the thousands digit of 2361667?
1
What is the ten thousands digit of 324684?
2
What is the ten thousands digit of 46994?
4
What is the tens digit of 915598?
9
What is the tens digit of 402885?
8
What is the ten thousands digit of 11269428?
6
What is the hundreds digit of 376154?
1
What is the units digit of 2628?
8
What is the units digit of 10206?
6
What is the thousands digit of 1650?
1
What is the hundreds digit of 9550155?
1
What is the tens digit of 2002700?
0
What is the ten thousands digit of 97328?
9
What is the ten millions digit of 33966397?
3
What is the tens digit of 21085711?
1
What is the hundred thousands digit of 7052463?
0
What is the millions digit of 9922572?
9
What is the hundred thousands digit of 274857?
2
What is the hundreds digit of 2877673?
6
What is the units digit of 69605?
5
What is the hundred thousands digit of 582382?
5
What is the hundreds digit of 567390?
3
What is the thousands digit of 10825041?
5
What is the ten millions digit of 17618134?
